it of w/(-3)*-10*12?
0
Let p(a) = 6*a - 1 + 0 - 12*a. Let c be p(6). Let d = -12 - c. What is the units digit of d?
5
Suppose 9 = -0*k + 3*k, -5*k - 15 = -5*v. Suppose v*t - 335 = -5. What is the units digit of t?
5
Let w = 1049 + -571. What is the hundreds digit of w?
4
Let r = -682 - -1450. What is the hundreds digit of r?
7
Let s = 17 - 17. Suppose 3*k - 4*t = -t + 354, 5*k - 4*t - 590 = s. What is the hundreds digit of k?
1
What is the hundreds digit of 42/7*23*142/6?
2
Suppose 664 = -18*t + 7738. What is the hundreds digit of t?
3
What is the tens digit of ((-110)/(-40))/((-1)/(-788))?
6
Suppose 53*f = 57*f - 17304. What is the hundreds digit of f?
3
Suppose 2*g - 4*h = 30, 3*g + 2*g - 49 = -3*h. Suppose d - g*d + 700 = 0. What is the tens digit of d?
7
Suppose 0 = v - 40 + 434. Let j = v + 562. What is the hundreds digit of j?
1
Let l be 2/(14 - 2) - 68/(-24). Let q(o) = 22*o + 6. What is the units digit of q(l)?
2
Let s(h) be the third derivative of h**5/60 - 11*h**4/24 + 17*h**3/3 + 8*h**2. What is the units digit of s(14)?
6
Let a(q) = -2*q + 548. Let r be a(0). Suppose -5*m + v + 2*v = -r, 5*m = 2*v + 552. Suppose 3*y = -28 + m. What is the units digit of y?
8
Let u(z) be the third derivative of z**6/120 - z**5/60 - z**4/3 - z**3/3 + 28*z**2. What is the hundreds digit of u(6)?
1
Let s(a) = 16*a**2 - 37*a - 12. What is the units digit of s(-6)?
6
Let k(b) = -b**3 - 8*b**2 + 4*b. Let p be k(-9). Let d = -2 + 6. What is the units digit of d/(-3*(-6)/p)?
0
Let d(v) = -v**3 - 4*v**2 - 5. Let j be d(-4). Let h(t) = -t - 1. Let z be h(j). Let s = z + 22. What is the units digit of s?
6
Suppose 2*d + 1 + 9 = 0. Let p = -3 - d. Suppose -5*r = -15, 0 = p*l + 3*l - 2*r - 214. What is the tens digit of l?
4
Let a be 20/15 - 8/6. Suppose 0*r - r + 22 = a. What is the tens digit of r?
2
Suppose -36*i + 51*i - 17625 = 0. What is the tens digit of i?
7
Suppose -3*m + r + 20 = 0, 5*m - 4 - 34 = -3*r. Let i(n) be the second derivative of n**5/20 - n**4/2 - n**3/3 - 2*n**2 + 2*n. What is the tens digit of i(m)?
3
Let y(r) = -2 - 4*r + 3 - r**2 - 5*r**2 + 7*r**2. What is the units digit of y(6)?
3
Let c be 1/(-3 - 532/(-176)). Let j be ((-3)/3*c)/(-2). Suppose 3*g + j = 5*g. What is the tens digit of g?
1
Let c be (-1771)/(-35) + (-14)/(-10) + -1. Suppose 2*w - z = 237 + c, -2*z + 4 = 0. What is the tens digit of w?
4
Let g = 780 + -132. What is the tens digit of g?
4
Let z = 9 - 2. Let x(f) = 6*f + 4. Let v be x(z). Let b = v + -20. What is the units digit of b?
6
Suppose 5 = 3*d - 1. Suppose -3*s + 11 = 4*r, 2*s + 0*s = d*r + 12. Suppose 9 + 91 = s*k. What is the tens digit of k?
2
Let y(s) = -s**2. Let p(j) = -j**3 - 13*j**2 + j + 1. Let g(b) = -p(b) + 6*y(b). Let d be g(-7). What is the units digit of 18/8 + d/(-24)?
2
Let v = 1569 - 1073. What is the units digit of v?
6
Let c(u) = -17. Let r(q) = -q - 34. Let n(m) = 5*c(m) - 3*r(m). Let b be n(-7). What is the units digit of 15 + (b - 6/(-3))?
3
Let j = -54 - -59. Suppose -j*b - 322 + 997 = 0. What is the tens digit of b?
3
Let u be (6 - -12)*10/3. Let j = -73 + 36. Let g = j + u. What is the tens digit of g?
2
Suppose -l + 9728 = 3*c, 6497 = 2*c + 9*l - 6*l. What is the hundreds digit of c?
2
Let n be (-10 + 8 + -3)*-76. Suppose -5*s = 4*p - 9*s - n, -5*s = -3*p + 279. What is the units digit of p?
8
Let p = 89 + -89. Suppose 2*j - 6 - 52 = p. What is the units digit of j?
9
Let q = -1036 - -1897. What is the hundreds digit of q?
8
Suppose 3*i + 1642 - 4822 = 0. Suppose -x + i = -3*l, -6*l = 5*x - 2*l - 5376. What is the tens digit of (1/(-2))/((-8)/x)?
6
Let h(y) = 3*y - 3*y**3 + y + 6*y**3 - y**2. What is the units digit of h(3)?
4
Let m(p) = -p**3 + 2*p**2 + 7*p - 2. Let c be m(4). Let y be 3/c*(2 - 2). Suppose y = 5*u - 5*v - 145, -5*u + 2*v + 149 = -2*v. What is the units digit of u?
3
Let p(s) be the second derivative of s**5/20 - s**4/4 - s**3/2 + 5*s**2/2 - 3*s. Let r be p(-4). Let i = -49 - r. What is the tens digit of i?
4
Let a(c) be the second derivative of -c**4/12 - 11*c**3/6 + 5*c**2 - 2*c. Suppose -4*m - 4*n - 4 = 0, -5*m - 5*n = -m - 1. What is the units digit of a(m)?
0
Suppose 3*w + 475 = -7*c + 6*c, -c - 793 = 5*w. Let l = 340 + w. What is the units digit of l?
1
Let o(i) = 2*i**2 - 10*i. Let w be o(5). Suppose w = -v - 4*z + 70, 385 = 4*v - 2*z - 3*z. What is the units digit of v?
0
Let v(c) = -c**2 + 5*c. Suppose -3*g - 10 = -4*f, 2*g = -g + 3*f - 9. Let n(d) = -d**2 + 4*d. Let m(w) = g*n(w) + 3*v(w). What is the tens digit of m(5)?
1
Let s = 51 - 39. Suppose s*v - 357 = 5*v. What is the tens digit of v?
5
Suppose -5*x + 2460 = 8*q - 3*q, 0 = 3*q - 2*x - 1466. What is the units digit of q?
0
Let c(r) = 6*r**2 + 5*r - 44. What is the tens digit of c(-7)?
1
Let d(l) = l**3 - 2*l. Let i be d(0). Suppose -3*o = 2*z - 6*o - 175, 5*z + 3*o - 385 = i. What is the units digit of z?
0
Suppose a = -c + 6, -8*a + 5*c + 50 = -3*a. Suppose -4*w = a - 52. What is the tens digit of w?
1
Let c = -6 - -1. Let s be c/35 + (-134)/(-7). Suppose 0 = -2*x + 3*x - s. What is the tens digit of x?
1
Let m(d) = d**2 - 60*d - 11. What is the tens digit of m(-15)?
1
Suppose 4*u - t - 2318 = 0, 2*u - 13*t - 1160 = -12*t. What is the tens digit of u?
7
What is the tens digit of 2*(-6 - 17390/(-20))?
2
Let f(p) = -5*p**3 - 6*p**2 + 10*p + 7. What is the hundreds digit of f(-6)?
8
Let t be (-99)/36 + (-1)/4. What is the units digit of 1 + 9 + -1 + t?
6
Let x = 21 + -18. What is the units digit of 0 + (-5 - -4) + x?
2
Suppose -4*s + 61 + 189 = d, 3*s - 5*d - 199 = 0. What is the tens digit of s + (-1 - -2) + -1?
6
Let z(d) = 4*d - 22. Let a = 19 + -6. What is the units digit of z(a)?
0
Let y be 6/(-2 + 3) - 0. Suppose -y*s + 152 = 2. What is the units digit of s?
5
Suppose -11*m + 26033 = -15184. What is the thousands digit of m?
3
Let v(k) be the first derivative of 2*k**3 - 3*k**2/2 + 8*k - 5. Let c be v(4). Suppose 2*x - 134 = -3*p, 2*p + 5*x = x + c. What is the units digit of p?
4
Let u = -34 + 36. Suppose -i = 4*j - 460, u*j = -3*i + 7*i + 248. What is the tens digit of j?
1
Suppose -f = 5*l - 7, 20*l = 4*f + 24*l - 76. What is the tens digit of f?
2
Let m(x) = -5*x - 47. Let o(y) = 9*y + 94. Let u(v) = 5*m(v) + 3*o(v). What is the tens digit of u(0)?
4
Let z(o) = o + 7. Let r be z(10). Let t = -9 + 3. Let n = r + t. What is the tens digit of n?
1
Suppose 5*b = -2*i + 4*i - 4, -2*i + 4 = 5*b. Suppose -2*m + 8 = -b*m. Let q = m - -13. What is the units digit of q?
7
Let j = 31 + -31. Suppose j = -5*k + 5, 83 = 2*z + 3*k - 4*k. What is the tens digit of z?
4
Suppose -2*d + 53 = 2*q - 5*q, 0 = -3*q + 9. Let u = 12 + d. What is the tens digit of u?
4
Suppose -22 = -2*m - 4*k, m + k = -0*m + 14. Let w = m + -13. Suppose -5*g = -2*b - 167, 0*b - w*b + 16 = 0. What is the tens digit of g?
3
What is the tens digit of 10357/5 + (24/40)/1?
7
Suppose 0 = -3*w + 12 - 3. Suppose 0 = w*g - 3*i - 180, -2*i - 1 = -3. What is the tens digit of g?
6
Suppose 4*p = -3*p - 196. Let z = -8 - p. What is the tens digit of z?
2
Suppose 0 = -8*r + 3*r + 1485. What is the units digit of r?
7
Suppose -5*t - 16 = -3*j + 20, -5*j + 26 = 3*t. Suppose 21 = r + h - j, -r + 24 = -3*h. What is the tens digit of r?
2
Let o = 3 + -3. Suppose 0 = -4*d - o*d + 1240. What is the units digit of (-3)/(-2) + d/20?
7
Let b = 255 + 1920. What is the units digit of b?
5
Let k = -76 - -76. Suppose k = -13*q - 4*q + 2618. What is the tens digit of q?
5
Let x = 143 + -54. Let v = 112 + x. What is the units digit of v?
1
Suppose -40*x + 44*x = 0. Suppose -4*t + 314 = p, x*t = 2*t - p - 160. What is the units digit of t?
9
Let a(o) = o**2 + 4*o + 5. Suppose -2*z = -0 + 4. Let q be a(z). What is the units digit of q/(1/(-3)) + 59?
6
Let v be (-20)/6*9/3. What is the tens digit of (-10)/2*38/(v/5)?
9
Let f(i) = -18*i - 3. Let b be f(-3). Let u = 32 + -29. Suppose 0 = 3*j - u*p - b, 3*j - p + 6*p = 11. What is the units digit of j?
2
Let c = -294 + 749. What is the hundreds digit of c?
4
What is the thousands digit of (-4)/(6 + 4656/(-4652) + -5)?
4
Let p(v) = -v**2 - 33*v - 69. What is the tens digit of p(-20)?
9
Suppose 2*x + 3*f = 4, -5*x + 10*x - 4*f - 10 = 0. Suppose x*v + 5*c - 295 = 370, -4*v + 1318 = -2*c. What is the tens digit of v?
3
Let 